 = -2*w, -w - 26*u = -10*u - 5. Determine j(w).
-7
Suppose -4 - 56 = -4*d. Let q(n) = -d*n + 5 + 8 + 6*n + 8*n. Let c = 1 + -1. Determine q(c).
13
Let k(z) = -2*z**2 - 69*z + 19. Let n be k(-35). Let i(b) = -5*b - 68. What is i(n)?
12
Let s(b) = b**2 + 6*b + 8. Suppose 0 = -3*i, 3 + 1 = 4*z - 4*i. Let v be ((-22)/5)/((48/(-15))/8). Suppose z + v = -2*l. Determine s(l).
8
Let j be (-32)/(-64)*(-2 - (-11 + 1)). Let m(r) be the second derivative of r**4/12 - 5*r**3/3 + 3*r**2 + 310*r. Calculate m(j).
-18
Let m(h) = 3*h + h**2 - h**2 - 17 + 16 - h**2. Let s be (2/(-3))/(2/(-6)). Suppose 3 = 4*o + s*w + 1, -3*o - 4*w = 6. What is m(o)?
1
Let r(z) = -z**3 + 9*z**2 + 10*z - 4. Let s(t) = -t**3 + 31*t**2 + 33*t - 22. Let a be s(32). Calculate r(a).
-4
Let s(r) be the third derivative of -126*r**2 + 1/8*r**4 + 0 + 0*r - r**3. Determine s(6).
12
Let y(j) = j**2 - 11*j + 13. Let h(u) = -u**3 + 13*u**2 - 12*u + 10. Let k be h(12). Let s be y(k). Suppose s - 4 = -r. Let p(c) = 16*c**2 + c. What is p(r)?
17
Let n(i) be the third derivative of -i**4/12 + 5*i**3/2 - 4*i**2. Suppose -59*c + 351 = -62. Calculate n(c).
1
Let f(v) = 6*v**2 + 25*v + 161. Let n(a) = -5*a**2 - 26*a - 162. Let b(q) = 2*f(q) + 3*n(q). Let d(w) be the first derivative of b(w). Determine d(-4).
-4
Let c be -1 + 0 + 1*2. Let h(n) = -2 - 12*n - 3*n**3 - 4*n**2 - 8*n + 21*n. Let p(x) = x**3 - 1. Let w(l) = c*h(l) + 2*p(l). Calculate w(-4).
-8
Let i(o) = 1141*o**3 - 3437*o**3 + 1143*o**3 + 1150*o**3. Let r(k) = k. Let g be r(1). What is i(g)?
-3
Let r(o) = o**3 - 15*o**2 - 7*o - 126. Let d be r(16). Suppose -d*g + 41 = -121. Let s(v) = -v**2 + 7*v + 14. What is s(g)?
-4
Let r be 5 - (35 + -20 + -11). Let j(n) be the third derivative of -n**5/30 + n**2. Give j(r).
-2
Let n be 8/(960/1064) - 2/(-15). Let f(a) = 0*a + 7 - n - 4*a + a. Give f(-1).
1
Let n(m) = 5*m**2 + 8*m + 19. Let x(z) = 7*z**2 + 8*z + 21. Let v(o) = -4*n(o) + 3*x(o). What is v(8)?
-13
Let k(p) = 37*p + 117. Let z be k(-3). Let t(g) = g**3 - 5*g**2 - 3*g + 8. Calculate t(z).
26
Suppose -3*c - 3*r = -7*c + 11, -c = 2*r. Let w(i) = -i**3 + 2*i**2 + 4*i - 8. Calculate w(c).
0
Let u(m) = m**2 - 161 + 44 + 3*m + 35 + 56. Give u(-7).
2
Let g(b) = 11*b + 16 - 11 - 7*b - 4 - 11. Calculate g(-5).
-30
Suppose 2*y + f + 0*f + 7 = 0, -f = -4*y - 17. Let c(r) = 10*r + 4. Give c(y).
-36
Let r(i) = -2*i + 57. Let h(y) = 7*y - 231. Let a(j) = 2*h(j) + 9*r(j). What is a(12)?
3
Let v = 13686 + -13683. Let t(y) be the second derivative of -1/6*y**v - 5*y + 0 - 4*y**2. What is t(-7)?
-1
Let z(j) = -j**3 - 4*j**2 + 7*j + 7. Suppose -21*l + 18*l - 11 = 4*n, 0 = l + 4*n + 1. Calculate z(l).
-3
Let d(g) = 27*g + 1. Suppose -y = 4*z - 59 + 286, 265 = -5*z - 5*y. Let c = z - -57. Calculate d(c).
-26
Let y(b) = -b**2 + 2*b + 7. Suppose -2*o = 0, 2*l - 2*o = 183 - 41. Suppose 0 = -68*k + l*k + 9. Calculate y(k).
-8
Let u(r) be the first derivative of -r**4/2 - r**2/2 + 7*r - 998. What is u(0)?
7
Let l(k) = 2*k**2 + 5*k + 6. Let d(c) = -3*c**2 - 9*c - 4. Let h(g) = -3*d(g) - 4*l(g). What is h(-7)?
-12
Let a(b) be the third derivative of b**4/24 + 5*b**3/3 - 190*b**2 + b. Calculate a(4).
14
Let z(c) = -10*c - 209. Suppose 729*g - 92 = 709*g - 512. Determine z(g).
1
Let u(g) be the first derivative of 2*g**3/3 + 11*g**2/2 - 5*g - 1040. Calculate u(-5).
-10
Let p(i) = -11 - i**3 + 452*i**2 - 6 + 3*i - 467*i**2. Calculate p(-15).
-62
Let a(c) = 2 - 7*c + 1 - 14*c + 59*c - 10*c. Determine a(1).
31
Let i(w) be the first derivative of -w**3/3 - 14*w**2 - 84*w + 1691. What is i(-25)?
-9
Let f(s) = 3*s - 8. Let z(t) be the second derivative of -4*t**3/3 + 23*t**2/2 - 67*t. Let l(d) = -11*f(d) - 4*z(d). What is l(-5)?
1
Suppose p + 1176 = -2*j - 4*p, 2*j = -2*p - 1176. Let k = j - -594. Let w(b) = -b. Give w(k).
-6
Let d(r) be the second derivative of -7*r**3/6 + 77*r**2/2 + 3*r + 527. What is d(14)?
-21
Let w(n) be the first derivative of n**2/2 + 5*n + 1562. Give w(0).
5
Suppose -5*a = -12*a + 378. Let q(r) = -a*r + 9 + 62*r - r**2 - 12. Determine q(8).
-3
Let j(t) = -t**3 + 4*t**2 - 3*t + 3. Let o = 94 + -53. Let q = o + -37. Suppose 3*v - q*n + 1 = 9, -17 = -3*v - 5*n. Determine j(v).
-9
Let g(n) = -2*n**3 - 2*n**2 - 2*n - 6. Suppose 4*u + 36 = 3*m + 34, 0 = -4*u + 4*m. Calculate g(u).
6
Let y(x) = -14*x - 930. Let v(m) = -5*m - 340. Let d(a) = -8*v(a) + 3*y(a). What is d(-19)?
-32
Suppose -8 = -5*o - 3. Let r be (-605)/(-33) + (-2)/(-3) - 4. Let v(l) = 5 - 1 + 6*l + 1 - r + 9. What is v(o)?
5
Let z = -92 + 100. Let o(i) = -15*i - 14*i + 27*i - z*i - 3. Determine o(-4).
37
Let i(n) = -295*n**2 + 150*n**2 + 5 - 22*n + 8 + 146*n**2. Calculate i(16).
-83
Let w(n) = -2*n**3 + 3*n**2 - 4*n - 5. Let k(x) = 3*x**3 - 4*x**2 + 6*x + 8. Let f(v) = 5*k(v) + 8*w(v). Let c = -450 - -453. Give f(c).
3
Suppose 31 = 3*u + 4*s + 46, 3*u - 5*s = -15. Let g(b) = -2*b + 2. Determine g(u).
12
Let y(j) be the third derivative of -17*j**5/30 + j**4/12 - 13*j**3/6 - 131*j**2. Let r(o) = 36*o**2 - 2*o + 15. Let x(t) = -6*r(t) - 7*y(t). Determine x(1).
21
Let u(w) = w**2 + 4*w - 26. Let s be 3 - (-6 - (8 - 9) - -14). What is u(s)?
-14
Suppose 1 = d + 4. Let j(f) = f + 1. Suppose -5 + 20 = -5*n. Let s(v) = -v. Let q(u) = n*s(u) - j(u). Calculate q(d).
-7
Let c(n) = 3*n**2 + 11*n + 110. Let z(d) = -8*d**2 - 31*d - 308. Let w(o) = -11*c(o) - 4*z(o). Determine w(0).
22
Let y(q) = -q**3 - 23*q**2 + 247*q + 5. Let a be (-2)/(-5)*(39 + -19 + 0). Give y(a).
-3
Suppose 31*x - 10 = 29*x. Suppose 0 = 3*z + z - 4*k + 4, -x*k - 3 = 3*z. Let o(g) = -11*g - 3. Let p(a) = 32*a + 8. Let v(h) = -8*o(h) - 3*p(h). Determine v(z).
8
Suppose 3*q = 2*q - 4*j - 1, 3 = -3*q - j. Let d be ((-16)/12)/(24/9 + -3). Let f(o) = -3*o + 3*o - d*o - o. Give f(q).
5
Let s(q) = 442*q + 2916. Let c(g) = -148*g - 1013. Let b(t) = -10*c(t) - 3*s(t). What is b(-9)?
-4
Let g(n) = -4*n + 23. Let k be (4 - (-27)/(-6))*11/2*-4. What is g(k)?
-21
Suppose 3*d + 16 + 14 = 0. Let g be 78/d - (-3)/(-15). Let f(q) = -5*q + 3 - q - q**3 - 33*q**2 + 24*q**2. Give f(g).
-13
Let l(j) be the second derivative of 46*j**3/3 - 453*j**2/2 + 5843*j. What is l(5)?
7
Let k(o) = o**3 + 73*o**2 + 332*o - 537. Let d be k(-68). Let r(z) = 2*z - z**3 + 6*z**2 + z**2 + 7 - 3*z. Give r(d).
0
Let c(h) = -4*h**3 + 30*h**2 - 66*h - 109. Let v(t) = t**3 - 8*t**2 + 17*t + 28. Let d(z) = -6*c(z) - 23*v(z). Give d(-4).
-10
Let b = -37 + 72. Suppose 11*y + b = -31. Let d(q) = 2*q + 15. Give d(y).
3
Let o(q) = -q - 1. Suppose -4*l + 24 = 4*c, -c - l + 14 = 2*c. Let h be 35/5 - (-5 + 10). Suppose -z = -2*k - h*k - 15, 45 = -c*k - 5*z. What is o(k)?
4
Let l(w) be the second derivative of w**4/6 - w**3/3 + 2*w**2 - 1333*w. Give l(2).
8
Suppose -5 = -5*p - 5*g, 3 + 8 = -p + 2*g. Let o(d) = d**2 + 5*d + 8. Let y be o(p). Let f(i) = -4*i + 4*i**3 + 3 + 0*i**3 - 6*i**3. Calculate f(y).
-21
Let a(q) = 129*q + 1671. Let i be a(-13). Let t(m) = 12*m + 78. Determine t(i).
6
Let c(x) = x**2 + 8*x + 35. Let m be c(-7). Suppose -43*u = -m*u - 21*u. Let h(q) = -q - 7. Give h(u).
-7
Let i(y) = -y**3 + 5*y**2 + 21*y + 18. Let z(f) = -41*f - 1017. Let r be z(-25). Determine i(r).
-6
Let o(w) = -22*w - 79 - 62 + 1 + 40 - 28. Calculate o(-6).
4
Suppose 0 = 138*l - 85*l - 477. Let y(n) = -n**3 + 8*n**2 + 10*n + 1. What is y(l)?
10
Let b(d) be the first derivative of 10/3*d**3 + 9/2*d**2 - 54 + d + 1/4*d**4. Calculate b(-9).
1
Let w(r) be the second derivative of -r**4/12 - 2*r**3/3 + 7*r**2/2 + 35*r. Let p(u) = 2*u**2 + 12*u - 20. Let j(c) = 4*p(c) + 11*w(c). Calculate j(2).
-7
Let k(v) = -v**2 + 4*v + 7. Let y(m) = m - 1. Let j(g) = -k(g) - 6*y(g). Give j(9).
-10
Let l(b) = -b**3 + 6*b**2 - 5*b + 1. Let t be 33/(-66) - ((-81)/2)/1. Let u = -36 + t. Give l(u).
13
Let j(h) = -12*h - 13*h + 30*h - 5*h**2 - 8*h. Let o(g) be the second derivative of -g**3/6 - g**2 + 4*g. Let p be o(0). Determine j(p).
-14
Let g(h) = -13*h**2 + 2*h**3 + 10 + 10 + 13*h**2 + 23*h**2 - 43*h - 3*h**3. Give g(21).
-1
Let u(z) = 7*z**2 - 7*z + 19. Let q(j) = 3*j**2 - 4*j + 4. Let f(l) = -5*q(l) + 2*u(l). Calculate f(7).
11
Let r(w) = -w**2 - 50*w - 411. Let v be r(-11). Let j(o) = 2*o - 29. What is j(v)?
7
Suppose 68 = 3*p - 67. Let u = 49 - p. Suppose 3*k - u*k = -1. Let z(f) = -6*f**2 + 1. Give z(k).
-5